?
False
Is 88993 a prime number?
True
Is 2819 a prime number?
True
Is 2039 a composite number?
False
Is 24755 a prime number?
False
Is 64553 a prime number?
True
Is 15991 a composite number?
False
Is 5459 a prime number?
False
Is 352753 a prime number?
True
Is 52963 composite?
False
Is 59351 composite?
False
Is 57367 composite?
False
Is 967241 a prime number?
False
Is 40459 a composite number?
False
Is 221159 a prime number?
True
Is 4177 a prime number?
True
Is 16127 a composite number?
False
Is 27059 prime?
True
Is 357967 a prime number?
True
Is 3175631 a prime number?
False
Is 18206 a composite number?
True
Is 53099 a prime number?
False
Is 710035 prime?
False
Is 41161 prime?
True
Is 4535 a composite number?
True
Is 125591 composite?
False
Is 218593 a composite number?
True
Is 61861 a composite number?
False
Is 835073 prime?
False
Is 5953 composite?
False
Is 3389 prime?
True
Is 92487 prime?
False
Is 3907 a prime number?
True
Is 323537 prime?
True
Is 3362009 prime?
False
Is 87313 a composite number?
False
Is 689 a prime number?
False
Is 358673 prime?
False
Is 406531 a prime number?
True
Is 788941 composite?
False
Is 21517 a composite number?
False
Is 202373 composite?
True
Is 800941 a prime number?
False
Is 18353 a composite number?
False
Is 1160169 a composite number?
True
Is 2309 a composite number?
False
Is 74821 a composite number?
False
Is 6059 a composite number?
True
Is 190507 composite?
False
Is 265641 composite?
True
Is 991 a composite number?
False
Is 374953 a prime number?
True
Is 88103 a prime number?
False
Is 4327 composite?
False
Is 775259 prime?
True
Is 5539 composite?
True
Is 2819 a prime number?
True
Is 811853 a composite number?
True
Is 775001 composite?
True
Is 6557 prime?
False
Is 46409 a prime number?
False
Is 54409 a composite number?
False
Is 42429 composite?
True
Is 46459 a prime number?
False
Is 11197 a prime number?
True
Is 17482 a prime number?
False
Is 479 prime?
True
Is 4101 a composite number?
True
Is 135319 a composite number?
False
Is 114949 prime?
False
Is 5723 a composite number?
True
Is 70289 a prime number?
True
Is 9081779 a prime number?
False
Is 4201 prime?
True
Is 45995 a prime number?
False
Is 3037 composite?
False
Is 709 a composite number?
False
Is 468953 prime?
True
Is 40574 composite?
True
Is 38299 prime?
True
Is 12326 a prime number?
False
Is 870083 prime?
True
Is 3109 prime?
True
Is 689929 prime?
True
Is 1056443 a composite number?
False
Is 4709 a prime number?
False
Is 13963 a prime number?
True
Is 3601 composite?
True
Is 4033 a composite number?
True
Is 427847 composite?
True
Is 35261 a prime number?
False
Is 26459 a composite number?
False
Is 85691 composite?
False
Is 56519 prime?
True
Is 59743 a prime number?
True
Is 76435 composite?
True
Is 8251 prime?
False
Is 27089 prime?
False
Is 303983 prime?
True
Is 856771 a composite number?
True
Is 32701 composite?
True
Is 8651 a prime number?
False
Is 19811 prime?
False
Is 149971 a prime number?
True
Is 4734017 composite?
False
Is 9791 composite?
False
Is 298969 a prime number?
False
Is 145373 a prime number?
False
Is 7297 composite?
False
Is 10133 prime?
True
Is 22739 prime?
True
Is 16603 composite?
False
Is 4499 prime?
False
Is 2312179 a prime number?
True
Is 44755 prime?
False
Is 107671 a composite number?
False
Is 19277 a composite number?
True
Is 312023 a prime number?
True
Is 277483 prime?
True
Is 36989 a prime number?
False
Is 1189 a composite number?
True
Is 129845 composite?
True
Is 907 a composite number?
False
Is 81343 a composite number?
False
Is 58469 a composite number?
True
Is 245519 composite?
False
Is 7279 prime?
False
Is 136321 prime?
False
Is 63209 prime?
False
Is 53819 a prime number?
True
Is 138427 composite?
False
Is 247 prime?
False
Is 207377 prime?
True
Is 752251 prime?
True
Is 2224837 a composite number?
False
Is 59941 a prime number?
False
Is 28907 composite?
True
Is 1339561 a composite number?
True
Is 14621 prime?
True
Is 15335 prime?
False
Is 162446 composite?
True
Is 301697 prime?
False
Is 6619 a composite number?
False
Is 2095 a composite number?
True
Is 47053 a prime number?
False
Is 915911 composite?
False
Is 92717 a composite number?
False
Is 25867 a prime number?
True
Is 47209 composite?
True
Is 17609 composite?
False
Is 52361 a composite number?
False
Is 70711 prime?
False
Is 4111 prime?
True
Is 13535 composite?
True
Is 1097 prime?
True
Is 11722 a composite number?
True
Is 41794 a composite number?
True
Is 327307 a prime number?
True
Is 205453 composite?
False
Is 1457 a prime number?
False
Is 1836191 prime?
False
Is 26579 composite?
True
Is 409759 a prime number?
False
Is 51571 composite?
True
Is 2731 a prime number?
True
Is 51857 prime?
False
Is 7817 a prime number?
True
Is 13147 a prime number?
True
Is 75731 composite?
False
Is 15815 composite?
True
Is 28751 a prime number?
True
Is 5139551 prime?
True
Is 37951 a prime number?
True
Is 1120883 composite?
False
Is 125821 a prime number?
True
Is 1563 composite?
True
Is 30397 prime?
False
Is 10399 composite?
False
Is 5107891 prime?
True
Is 209887 a prime number?
True
Is 9257 prime?
True
Is 3672881 composite?
False
Is 7433 prime?
True
Is 513433 a composite number?
True
Is 166177 composite?
True
Is 1087477 prime?
False
Is 11153 composite?
True
Is 60559 prime?
False
Is 1697417 a composite number?
True
Is 1177 a composite number?
True
Is 8941 a prime number?
True
Is 1222735 a prime number?
False
Is 956231 composite?
False
Is 71 composite?
False
Is 201961 composite?
False
Is 329711 composite?
False
Is 659 composite?
False
Is 1428473 prime?
True
Is 35857 prime?
False
Is 5191 composite?
True
Is 20717 prime?
True
Is 1423 a composite number?
False
Is 77669 a prime number?
False
Is 6033 a prime number?
False
Is 473971 a prime number?
True
Is 4421 a prime number?
True
Is 1382921 composite?
True
Is 502247 prime?
True
Is 59863 a composite number?
False
Is 21453 a composite number?
True
Is 9277 prime?
True
Is 14393 composite?
True
Is 537269 a composite number?
False
Is 12457 prime?
True
Is 244941 composite?
True
Is 216797 a prime number?
False
Is 1009 a prime number?
True
Is 34315 composite?
True
Is 244421 a prime number?
False
Is 90523 prime?
True
Is 91151 a composite number?
False
Is 120259 composite?
True
Is 5219 prime?
False
Is 27361 a prime number?
True
Is 50081 a composite number?
True
Is 21871 composite?
False
Is 24194 a composite number?
True
Is 1942469 a composite number?
True
Is 29107 a composite number?
True
Is 1931 a composite number?
False
Is 447 prime?
False
Is 62741 a prime number?
False
Is 114847 a composite number?
False
Is 47563 composite?
False
Is 393847 prime?
True
Is 4397 a composite number?
False
Is 2605 a composite number?
True
Is 10949 a prime number?
True
Is 479939 prime?
True
Is 80059 composite?
True
Is 1043 prime?
False
Is 986131 prime?
True
Is 210277 a composite number?
False
Is 79199 prime?
False
Is 155897 a composite number?
True
Is 2785 prime?
False
Is 40543 prime?
True
Is 17965 a prime number?
False
Is 3719 a prime number?
True
Is 16183 composite?
False
Is 737 a prime number?
False
Is 3571 a composite number?
False
Is 102461 composite?
False
Is 142271 composite?
False
Is 19301 a composite number?
False
Is 12251 a composite number?
False
Is 888389 composite?
False
Is 4703 a composite number?
False
Is 9553 a composite number?
True
Is 1360597 composite?
True
Is 1694683 a composite number?
True
Is 1151 a prime number?
True
Is 1366349 a prime number?
True
Is 2519 a prime number?
False
Is 42739 a prime number?
False
Is 1204699 a prime number?
True
Is 8185 composite?
True
Is 12143 composite?
False
Is 615229 a composite number?
False
Is 42611 prime?
True
Is 68023 a prime number?
True
Is 15811 prime?
False
Is 7993 composite?
False
Is 157313 a composite number?
True
Is 60647 prime?
True
Is 587101 prime?
True
Is 16573 prime?
True
Is 802 a composite number?
True
Is 523333 a prime number?
True
Is 305993 composite?
True
Is 40231 a composite number?
False
Is 2104541 a composite number?
False
Is 2921 composite?
True
Is 5923 a composite number?
False
Is 1181693 a prime number?
False
Is 65921 a composite number?
False
Is 24607 prime?
False
Is 801151 a composite number?
True
Is 380041 prime?
True
Is 79777 composite?
False
Is 102761 a composite number?
False
Is 9221 